ulate the highest common factor of 42 and h.
14
Suppose -2*d + 21 = 17. Let a = -14 - -17. Suppose -a*x - n = -4*n - 57, -4*x + 49 = 5*n. Calculate the greatest common divisor of d and x.
2
Let p(l) = 6*l**3 - 2*l**2 + 5*l - 4. Let b be p(1). Suppose a = t + 2, -5*a - b*t + 3*t + 3 = 0. Calculate the highest common factor of a and 3.
1
Let z(i) = 2*i**2 + 73*i + 535. Let u be z(-9). What is the highest common divisor of u and 155?
5
Let h(c) = 4*c + 57. Let l be h(-6). Suppose 3*s - 3*f = 6*s - l, 4*s - 2*f - 32 = 0. Let t be 216*(2 + 12/(-8)). What is the highest common factor of t and s?
9
Let x = 10541 - 8671. What is the greatest common factor of 170 and x?
170
Let a be 3 + 12208 + (-46 - -26). What is the greatest common divisor of 146 and a?
73
Suppose x = 2*t - 981, -5*t = -x - 631 - 1829. Calculate the highest common factor of 289 and t.
17
Let u be (-11 - 1722/(-126))/(2/3). Calculate the highest common factor of u and 2372.
4
Let t(p) = -3*p + 4. Let z be t(-7). Let d be (2/5)/(5/z). Let l = d - -5. Calculate the highest common factor of l and 28.
7
Let c = -10688 - -10994. Calculate the highest common factor of 102 and c.
102
Suppose -123 = -13*g - 682. Let f = 47 + g. Suppose -f*l + 76 = 5*c, l = -c - 3*c + 19. What is the greatest common divisor of l and 209?
19
Let d be (-1652739)/(-435) + 4/(-10). Calculate the highest common divisor of 131 and d.
131
Suppose 929 - 281 = 18*d. Calculate the highest common factor of 12 and d.
12
Let b(h) = -3*h + 24. Let k be b(9). Let l be k - (8/2 + (2 - 64)). Calculate the greatest common divisor of 33 and l.
11
Suppose 0 = 721*q - 417*q - 3952. Calculate the greatest common factor of 26702 and q.
13
Let b = -3680 - -3690. Calculate the highest common factor of b and 5.
5
Let c(b) = b**3 - 17*b**2 - 46*b + 184. Let y be c(29). What is the highest common divisor of y and 34?
34
Let l(r) be the second derivative of -r**4/12 - 7*r**3/3 + 9*r**2/2 - 9*r. Let t be l(-12). Let j = 251 + -207. What is the greatest common factor of j and t?
11
Suppose 4*t + 8 = 0, 33 = -13*z + 4*t + 223. Calculate the greatest common factor of z and 26222.
14
Let p = -650 - -678. Suppose -23*y = -21*y - 476. Calculate the highest common divisor of y and p.
14
Let m be ((-3)/6)/(9/(-163278)). What is the highest common factor of m and 1737?
193
Suppose -4*p - 13 = 3*k, -p - 3 = -3*k + 4. Suppose 0 = -2*x + 13 - k. Let s = -343 + 385. Calculate the greatest common divisor of x and s.
6
Let h(p) = 634*p + 103433. Let i be h(-163). Suppose 5*g - 26 = 39. Calculate the greatest common factor of g and i.
13
Let a be ((-322)/91)/((-28)/364). What is the highest common divisor of 506 and a?
46
Suppose 5*w = -2*n + 15897, 0 = -4*w + 3*n - 6335 + 19025. Calculate the highest common divisor of 2471 and w.
353
Let p = 601756 + -601696. Suppose -3*r + 0*r + 9 = 0. Let x = 18 - r. What is the greatest common factor of p and x?
15
Let v(h) = h**2 + h + 14. Let j be v(-21). Let b = j + -254. Let k be -15*(-9)/(b/16). What is the greatest common divisor of k and 3?
3
Suppose 22*a = 1159 + 5001. What is the highest common factor of a and 3024?
56
Let m = -103 - -167. Suppose -m = -z - 5*r, 0 = 3*z + 4*r - 77 - 71. What is the greatest common factor of 4 and z?
4
Suppose -4*c = -4*i - 8*c + 172, 4*i = -5*c + 173. Suppose -4*h + 5*t = t - 228, 261 = 5*h + 3*t. What is the greatest common factor of i and h?
6
Suppose -21*c + 9*c + 48 = 0. Suppose -g - v = -17, v + c*v - 25 = -g. What is the highest common factor of 15 and g?
15
Let h = 157 - 154. Suppose 2*o - 4*s = 80, -o - h*s + 3 = -17. What is the highest common factor of 24 and o?
8
Suppose 58*c - 4*t = 62*c - 14460, 3*c = -t + 10851. What is the greatest common divisor of 54 and c?
54
Suppose 0 = y + 4*o - 135, -4*o = -2*y - 2*o + 290. Let u = -1106 + 696. Let v = u + 423. What is the highest common factor of v and y?
13
Let s = 29 + -29. Suppose -2*h - 1716 = -4*b + h, -h = s. Let u be (-112)/(-56)*78/4. What is the greatest common factor of b and u?
39
Let v be (-4*20/64)/((-1)/(-4)). Let z be -105*(10/(-18))/v*-3. What is the highest common factor of 14 and z?
7
Let k be (-1)/(-4) + (-8225)/(-700). Calculate the highest common factor of k and 972.
12
Let w(g) = -g**2 - 21*g - 13. Let t be w(-19). Let x be 324/20 + (-5)/t. Calculate the highest common divisor of 2 and x.
2
Suppose -2*l + 37 = -t, 0 = -4*l - 3*t - 0*t + 49. Let r(g) = -g**3 - 7*g**2 - 9*g - 8. Let b be r(-6). Calculate the highest common divisor of b and l.
2
Suppose -2*q + 5*n + 576 - 126 = 0, 3*q + 5*n - 675 = 0. What is the greatest common factor of q and 9?
9
Let q be (7 - (-40)/12) + 2/(-6). Let x(l) = -4*l + 9. Let v be x(6). Let o be 552/q - ((-72)/v)/(-6). Calculate the greatest common divisor of 84 and o.
28
Let k(w) be the first derivative of -7*w**3/3 - w**2/2 + 2*w - 4. Let f be k(1). Let q be (f/(1 - 4))/(-2)*-6. Calculate the highest common factor of q and 3.
3
Let u(f) = 3*f**3 + 6*f**2 - 40*f - 25. Let y be u(-11). Let t be y/(-15) + (-24)/180. Calculate the greatest common factor of 20 and t.
10
Let h be 8 - 15/25*(-30)/(-3). Calculate the highest common divisor of h and 326.
2
Let l = 1221 + -1212. Calculate the highest common factor of l and 2079.
9
Suppose -3*d - 9 = 0, -s + d + 52 = 27. What is the greatest common factor of 924 and s?
22
Let y be (-2)/4 - (-30)/20. Let p(d) = 2*d**2 + 2. Let w be p(-4). Let v = -23 + w. What is the highest common divisor of y and v?
1
Let m(o) = 2*o**2 - 4*o - 14. Let a be m(-4). Let t be 19/(((-1)/(-1))/(-3 - 30)). Let u = -321 - t. What is the highest common divisor of a and u?
34
Let p = -42 + 38. Let o be ((0/(-4))/p)/2. Suppose o = 3*u - 6*u + 165. Calculate the highest common divisor of 22 and u.
11
Suppose c = 11*c - 90. Let h be (-2)/c - 4823/(-117). What is the highest common divisor of 369 and h?
41
Let g(k) = -11*k**2 + 38*k + 1. Let c be g(3). Calculate the greatest common factor of c and 23.
1
Let x(y) = -46*y - 35 + 82*y + y**3 + 12*y**2 - 36*y - 4*y**2. Let o be x(-7). What is the highest common factor of 574 and o?
14
Suppose -o - 8052 = -5*g, 4*o - o = -6. What is the greatest common factor of g and 350?
70
Let n be -917*32/(-4) - (7 - -4). Calculate the greatest common divisor of 50 and n.
25
Suppose 3*s - a - 174 = -2*a, 2*s - 3*a - 105 = 0. Let i = s - 55. Suppose 6 = i*h + 3*b, 3*h + 2*b - 2 = 2*h. Calculate the highest common divisor of h and 18.
6
Let d = 5747 - 4031. Let y be (-10)/(-4)*d/165. What is the greatest common factor of y and 377?
13
Let o(n) = 58*n**3 - 3*n**2 + 15*n - 11. Let t be o(1). Calculate the greatest common factor of 531 and t.
59
Suppose 15*n = 32 + 43. What is the greatest common divisor of n and 1135?
5
Suppose -5*r - 5*z - 5 = 0, -4*z - 32 + 12 = 0. Let s be 1 + -2 - (r - 140). Suppose -s = -4*i - i. Calculate the greatest common factor of i and 3.
3
Suppose -193*k + 520 = -180*k. What is the highest common factor of 105 and k?
5
Suppose 3391 = -p + 25*p + 295. What is the highest common divisor of 8 and p?
1
Suppose 1 = q + 8. Let n(b) = 10 - 24 - 10*b + b + b**2. Let s be n(q). What is the greatest common divisor of 147 and s?
49
Suppose 0 = -5*x + 10 + 5. Let n = 238 + -244. Let f be (15/(-2))/x*n/5. What is the greatest common divisor of f and 27?
3
Suppose -w = -5*y + 42, 0 = -109*w + 111*w - 16. Let t be (-182)/(-3) - 4/6. Calculate the greatest common factor of y and t.
10
Let w be -35 + 30 + 3/(-3)*-44. Calculate the highest common factor of w and 8736.
39
Let z(n) = 12*n - 156. Let i be z(13). Suppose m = 5*p - 16, -2*m - 15 = m - 4*p. Let v be (m - -11 - -1) + i. Calculate the highest common factor of v and 121.
11
Let u(x) = 315*x - 634. Let g be u(12). What is the greatest common factor of g and 26?
26
Let a = -1875 + 1884. Calculate the greatest common divisor of 2664 and a.
9
Suppose -4*p + 4*j + 1064 = 0, 0 = -48*j + 44*j - 8. What is the highest common factor of p and 968?
88
Let f = -620 - -471. Let k = 5 + -21. Let h = k - f. Calculate the highest common factor of 19 and h.
19
Let h be ((-5120)/400)/((-1)/5). What is the highest common factor of h and 368?
16
Suppose -53*o + 46*o - 84 = 0. Let p be (-6)/4*3680/o. Calculate the highest common divisor of 20 and p.
20
Let r(a) = 339*a + 1036.